rime factors of 2449810109.
17, 23, 331, 823
List the prime factors of 2664921433.
2664921433
List the prime factors of 431673314.
2, 251, 307, 2801
List the prime factors of 449791289.
23, 3217, 6079
List the prime factors of 2128388713.
11, 193489883
List the prime factors of 3065249090.
2, 5, 17, 37, 239, 2039
What are the prime factors of 84640116?
2, 3, 11, 641213
What are the prime factors of 309672762?
2, 3, 7, 7373161
List the prime factors of 1465164595.
5, 53, 5528923
List the prime factors of 1741463122.
2, 7, 4597, 27059
List the prime factors of 3067419030.
2, 3, 5, 13, 29, 367, 739
What are the prime factors of 1868104?
2, 7, 33359
What are the prime factors of 222693942?
2, 3, 389, 95413
List the prime factors of 60234431.
607, 99233
What are the prime factors of 133259624?
2, 61, 273073
List the prime factors of 48584153.
2311, 21023
List the prime factors of 742526302.
2, 7, 149, 211, 241
List the prime factors of 39367092.
2, 3, 3280591
List the prime factors of 29103676.
2, 7, 499, 2083
List the prime factors of 77933811.
3, 25977937
What are the prime factors of 18421616?
2, 349, 3299
List the prime factors of 30665187.
3, 7, 23, 21163
What are the prime factors of 138739392?
2, 3, 11, 811
What are the prime factors of 142984052?
2, 283, 126311
What are the prime factors of 109645183?
109645183
List the prime factors of 28294707.
3, 7, 71, 2711
List the prime factors of 5691116.
2, 107, 13297
List the prime factors of 166797138.
2, 3, 27799523
List the prime factors of 240182840.
2, 5, 6004571
What are the prime factors of 3989017852?
2, 19, 52487077
List the prime factors of 70705642.
2, 7, 5050403
List the prime factors of 44415034.
2, 773, 28729
What are the prime factors of 42091495?
5, 23, 366013
What are the prime factors of 1765507149?
3, 7, 28023923
What are the prime factors of 1136523495?
3, 5, 23, 73, 45127
List the prime factors of 91400308.
2, 233, 281, 349
List the prime factors of 325563920.
2, 5, 11, 369959
What are the prime factors of 283777375?
5, 7, 107, 433
List the prime factors of 19813381.
7, 17, 167, 997
What are the prime factors of 13900576?
2, 337, 1289
List the prime factors of 2568913100.
2, 5, 13, 59, 33493
List the prime factors of 47036882.
2, 23518441
List the prime factors of 178687593.
3, 7, 67, 103, 137
What are the prime factors of 159097551?
3, 107, 439, 1129
List the prime factors of 18115502.
2, 1753, 5167
List the prime factors of 100254630.
2, 3, 5, 7, 599, 797
List the prime factors of 1800070201.
1800070201
What are the prime factors of 66087353?
66087353
List the prime factors of 1710170977.
29, 2033497
What are the prime factors of 405633361?
7, 57947623
What are the prime factors of 42632367?
3, 199, 71411
List the prime factors of 9855545.
5, 7, 193, 1459
What are the prime factors of 57413152?
2, 23, 78007
What are the prime factors of 3406001826?
2, 3, 19, 29877209
List the prime factors of 1479955159.
31, 239, 199751
List the prime factors of 63902699.
7, 9128957
List the prime factors of 484854074.
2, 29, 31, 269663
What are the prime factors of 249572131?
1301, 191831
What are the prime factors of 7088016377?
13, 545232029
What are the prime factors of 820488477?
3, 3761, 72719
What are the prime factors of 127650869?
127650869
What are the prime factors of 3977501275?
5, 11, 14463641
List the prime factors of 80527020.
2, 3, 5, 7, 109, 1759
List the prime factors of 15108480.
2, 3, 5, 43, 61
List the prime factors of 222357044.
2, 7, 13, 421, 1451
List the prime factors of 4685575030.
2, 5, 468557503
What are the prime factors of 1197742812?
2, 3, 7, 43, 223, 1487
What are the prime factors of 637300623?
3, 773, 274817
What are the prime factors of 172553644?
2, 37, 1165903
What are the prime factors of 397106745?
3, 5, 7, 19, 31, 6421
What are the prime factors of 781747870?
2, 5, 149, 307, 1709
List the prime factors of 3342811594.
2, 389, 4296673
List the prime factors of 1747974213.
3, 194219357
List the prime factors of 331587781.
7, 47369683
What are the prime factors of 874293130?
2, 5, 1231, 71023
List the prime factors of 749385770.
2, 5, 7, 23, 103, 4519
What are the prime factors of 307990444?
2, 76997611
What are the prime factors of 111221013?
3, 151, 245521
What are the prime factors of 73379787?
3, 13, 1881533
What are the prime factors of 123405336?
2, 3, 571321
What are the prime factors of 194892763?
13, 79, 109, 1741
List the prime factors of 2360243.
2360243
List the prime factors of 64099058.
2, 4447, 7207
List the prime factors of 14784787.
14784787
List the prime factors of 5812109877.
3, 7, 11959, 23143
List the prime factors of 770446995.
3, 5, 113, 454541
What are the prime factors of 4935687429?
3, 1033, 1592671
What are the prime factors of 367300220?
2, 5, 7, 2623573
What are the prime factors of 74482780?
2, 5, 17, 47, 59, 79
List the prime factors of 2037550346.
2, 13, 1069, 73309
List the prime factors of 1921142.
2, 613, 1567
What are the prime factors of 91707009?
3, 379, 80657
What are the prime factors of 140315738?
2, 61, 71, 97, 167
What are the prime factors of 986663829?
3, 409, 804127
What are the prime factors of 14252301?
3, 7, 73, 1033
List the prime factors of 591836551.
591836551
List the prime factors of 980940989.
7, 140134427
What are the prime factors of 99128432?
2, 13, 476579
List the prime factors of 1475516527.
263, 367, 15287
What are the prime factors of 1840369063?
13, 193, 263, 2789
List the prime factors of 80232471.
3, 11, 270143
What are the prime factors of 903496077?
3, 11, 9126223
List the prime factors of 443236745.
5, 7, 1163, 10889
What are the prime factors of 316336167?
3, 7, 5021209
List the prime factors of 55877816.
2, 6984727
List the prime factors of 310099465.
5, 13, 17, 29, 9677
What are the prime factors of 64373524?
2, 619, 25999
What are the prime factors of 3643949135?
5, 349, 491, 4253
What are the prime factors of 2160707986?
2, 79, 13675367
What are the prime factors of 80616429?
3, 8957381
List the prime factors of 1078312528.
2, 97, 694789
List the prime factors of 140448570.
2, 3, 5, 19, 79, 3119
List the prime factors of 92660901.
3, 30886967
List the prime factors of 13399901.
71, 79, 2389
What are the prime factors of 8403734?
2, 929, 4523
List the prime factors of 270984803.
270984803
List the prime factors of 7996875.
3, 5, 853
List the prime factors of 1108398693.
3, 1867, 197893
What are the prime factors of 698323762?
2, 827, 422203
What are the prime factors of 66742604?
2, 151, 110501
What are the prime factors of 2148538143?
3, 716179381
List the prime factors of 120163725.
3, 5, 11, 47, 1033
What are the prime factors of 78132612?
2, 3, 17, 29, 47, 281
What are the prime factors of 49069839?
3, 7, 13, 179743
List the prime factors of 2624947685.
5, 43, 409, 29851
List the prime factors of 938364822.
2, 3, 157, 223, 1489
List the prime factors of 272799900.
2, 3, 5, 33679
List the prime factors of 4147341435.
3, 5, 4547, 20269
What are the prime factors of 35452108?
2, 23, 181, 2129
List the prime factors of 1154634230.
2, 5, 61, 1892843
What are the prime factors of 83462717?
13, 109, 58901
What are the prime factors of 1251047694?
2, 3, 13, 23, 697351
List the prime factors of 2905060802.
2, 7, 139, 353, 4229
What are the prime factors of 169018988?
2, 42254747
What are the prime factors of 84137842?
2, 43, 978347
List the prime factors of 4016471342.
2, 13, 154479667
List the prime factors of 81796953.
3, 7, 227, 17159
What are the prime factors of 77049162?
2, 3, 59, 72551
List the prime factors of 1188403108.
2, 19, 1117, 13999
List the prime factors of 314689934.
2, 13, 12103459
List the prime factors of 2480108897.
7, 354301271
List the prime factors of 7556453593.
13, 163, 3566047
List the prime factors of 369775532.
2, 7, 13206269
List the prime factors of 189595902.
2, 3, 151, 209267
List the prime factors of 559694699.
559694699
What are the prime factors of 41971693?
41971693
List the prime factors of 110870842.
2, 55435421
What are the prime factors of 417231115?
5, 7, 811, 14699
List the prime factors of 2528864713.
15991, 158143
List the prime factors of 1031957072.
2, 547, 117911
What are the prime factors of 3600662199?
3, 593, 2023981
List the prime fa